/(-6)). Let q(s) = -s**3 - s**2 + 6. Let h be q(-5). What is the highest common divisor of h and v?
53
Let s be -8*(3 + -4 + (-2)/(-4)). Suppose 4*x - 536 = s*y, 490 + 178 = 5*x - 4*y. Calculate the greatest common divisor of x and 24.
12
Let q(v) = -v**3 + 22*v**2 + 49*v - 23. Let k be q(24). Let o be 370/40 - -1 - k/4. What is the greatest common divisor of 430 and o?
10
Suppose 3*q = -3*x + 21, -23*x = -26*x - 2*q + 24. Let m be x/35 + (-1392)/(-28) - 2. Calculate the greatest common factor of m and 32.
16
Let d be ((-55)/4)/(845/(-1352)). Let h be 8/44 + 3870/11. What is the greatest common factor of h and d?
22
Let c be -14 - -1 - (-5 + 2). Let x = -7 - c. Suppose 3*a - 5*a = g - 138, x*a + 2*g = 208. Calculate the greatest common divisor of 17 and a.
17
Let m(b) = -b**2 - 9*b - 13. Let y be m(0). Let g be (6/((-18)/y))/((-1)/(-3)). Suppose -5 = 2*l - g. Calculate the greatest common factor of l and 4.
4
Let t = 140 - 135. Suppose -t*c = -2*v - 581, 0 = -c + 2*v + 195 - 74. Calculate the highest common divisor of c and 23.
23
Let q = -619 - -867. Suppose 5*l - 2*n - 3852 = 0, -q = -l - 4*n + 518. What is the highest common factor of 140 and l?
70
Suppose -609*s + 452 - 199 = -1574. Suppose 2 = 3*c - 2*c. Suppose -5*x - 4 = -3*x, -c*x + 41 = 5*w. What is the highest common factor of s and w?
3
Suppose 1029 - 8176 = -p + 4*t, -35781 = -5*p - 3*t. Calculate the greatest common factor of p and 1060.
265
Let b(j) = -2*j**2 + 78*j - 448. Let t be b(24). Calculate the greatest common divisor of t and 153.
17
Suppose 0 = -4*t + 16, -t = 6*s - 11*s + 466. Calculate the highest common divisor of 3901 and s.
47
Let s(u) = u**2 + 3*u + 3. Let g be s(-4). Suppose -g*x + 289 = -5. What is the highest common factor of x and 147?
21
Let n(h) = h**3 + 12*h**2 - 13*h + 16. Let f be n(-13). Suppose -4*p = 35*a - 31*a - 308, 3*a = 3*p - 249. What is the greatest common factor of p and f?
16
Let x = -72 - -102. Let l = x - 26. Let b(k) = -k + 17. Let j be b(7). What is the greatest common divisor of l and j?
2
Let s be 3*(140/15 - 9). What is the greatest common factor of s and 101?
1
Suppose -4 = 2*p - 3*c - 7, 4 = -4*c. Suppose 2*r + 78 = 4*y, p*y - 4*r = -y + 30. Calculate the greatest common divisor of y and 66.
6
Suppose -44 = -4*g + 4*m, 3*g + 4*m - 47 + 0 = 0. Suppose -336 = -41*f + g*f. Calculate the highest common divisor of f and 156.
12
Suppose -4*o = 8, -3*h - 2*o + 200 = -0*h. Suppose -3553*c + 3578*c = 4520 - 695. Calculate the highest common factor of h and c.
17
Let g(u) = 51*u - 446. Let r be g(9). Let m = -52 - -65. Calculate the highest common factor of r and m.
13
Suppose -1224 = 200*h - 212*h. What is the greatest common divisor of h and 204?
102
Suppose o + 10 - 14 = -d, 5*o - 2*d = 13. Calculate the highest common divisor of o and 303.
3
Suppose -4*d = -6*d + 70. Suppose 5*s - 550 = 3*q, -2*q = -5*s + 3*s + 220. Let v = s - 96. What is the highest common divisor of v and d?
7
Suppose 3*w + 413 = -0*s - s, 0 = -5*w - 2*s - 690. Suppose 39 + 9 = 12*g. Let r be w/(-14) + g*2/28. Calculate the greatest common factor of r and 30.
10
Suppose -84*p + 8320 = 20*p. What is the highest common divisor of 2320 and p?
80
Suppose 7*x = 4924 + 3539. Calculate the highest common factor of x and 663.
39
Let k = -19913 - -35550. Calculate the greatest common divisor of k and 38.
19
Let o(w) = -677*w - 1285. Let s be o(-2). Calculate the highest common divisor of 115 and s.
23
Suppose -92*m + 79*m = -4*f - 72839, f = 3*m - 16809. What is the greatest common divisor of m and 13?
13
Let t be (144/(-168))/((-3)/14). Let p be -2 - (-9)/t - 195/(-20). Calculate the highest common divisor of 120 and p.
10
Let b be 0*(0 + 1) + 14. Let o = -45 - -157. Suppose -16*q + o = -8*q. Calculate the highest common divisor of b and q.
14
Let f = -1101 + 1140. Let x(o) = -6*o + 9. Let i be x(-5). Calculate the greatest common factor of f and i.
39
Suppose -26*w + 621 - 23 = -13*w. What is the greatest common factor of w and 7130?
46
Suppose -3*j + 19 = -2*l, -j + l = -7 - 0. Suppose 5*u - 646 = -2*w, -j*w + 88 - 358 = -2*u. Calculate the greatest common factor of u and 10.
10
Let z = 16413 - 14404. Calculate the greatest common divisor of 245 and z.
49
Suppose -8704 = -21*r + 1166. Let f = -385 + r. Calculate the greatest common factor of f and 34.
17
Let v(j) = -2563*j - 2512. Let f be v(-1). What is the highest common divisor of f and 13073?
17
Let t = -2949 + 2955. Calculate the greatest common factor of t and 750.
6
Suppose 2*h = -5*y - 6, -h + 2*y + 6 = -9. Suppose -q = j, j + h*q - 2*q = -16. Let s = -627232 - -627234. Calculate the highest common factor of s and j.
2
Suppose 3*t = 13*t - 1670 + 230. What is the greatest common factor of t and 477?
9
Let u = 12012 - 10177. What is the highest common factor of u and 85?
5
Suppose 114 - 116 = -j. Let r = -9 + j. Let b be -30*(3 - (-2 - r)). Calculate the greatest common factor of b and 24.
12
Let p = -16 + 25. Suppose 5*l - f = l + 17, -10 = 2*f. Let j be (234/(-42) + l)*-1*7. Calculate the greatest common factor of j and p.
9
Suppose -18 = -o - 4*w, -3*w + 15 = -o + 5. Suppose 35 = 3*h - o*j, -2*h = -0*h - 2*j - 20. What is the highest common divisor of 21 and h?
3
Let v(a) = a + 1. Let i be v(2). Suppose -18245 = -26*d - 4725. Suppose 2*q + i*q = d. Calculate the greatest common divisor of 13 and q.
13
Let i = -16169 + 17391. Calculate the highest common factor of i and 598.
26
Suppose 3*r - 3*o + 32 + 7 = 0, 25 = -5*r - 5*o. Let w be 3/9 + (3108/r - 5). Let m = 525 + w. What is the greatest common divisor of m and 25?
25
Suppose 2*g - 5*b - 952 = 0, -5*b + 1428 = 33*g - 30*g. What is the highest common factor of 672 and g?
28
Suppose -5*i - 1450 = -1690. Calculate the highest common divisor of i and 1704.
24
Suppose 45*l = 42*l + 735. What is the greatest common factor of l and 175?
35
Let r = -7377 - -7381. Calculate the greatest common divisor of 156 and r.
4
Suppose -10 = -18*n - 82. Let r(m) = -12*m**3 - m**2 + 4*m + 1. Let y be r(n). Calculate the greatest common factor of y and 11.
11
Let c(v) = 4*v**2 - 19*v - 249. Let x be c(11). What is the highest common divisor of 14300 and x?
26
Let n = 67 - -6. Let c = n + -7. Let q be -1 + c/2 + 0. Calculate the highest common divisor of 16 and q.
16
Suppose -103 = -3*a + 5*t, 2*a + t - 94 = -2*t. Let f = -50 + a. Let v = 8 - f. Calculate the greatest common divisor of 119 and v.
17
Suppose 0 = -6*z + 13 + 5. Suppose -382 - 50 = -z*q. Suppose -2*t - t + 108 = g, 0 = 3*g + 2*t - 296. Calculate the greatest common factor of q and g.
48
Let d = -5 - -12. Let a = -10388 - -10479. Calculate the highest common divisor of d and a.
7
Suppose 28*y + 12*y - 9*y - 1860 = 0. Calculate the highest common divisor of 2796 and y.
12
Suppose 5*v - 3*s - 322 = 0, -5*s - 320 = -0*v - 5*v. Suppose -3*l + v = 2*m - 5, 3*m - 98 = -l. Calculate the greatest common divisor of 32 and m.
32
Let t = -9109 + 16183. What is the highest common divisor of t and 108?
54
Let d = -536 - -614. What is the highest common factor of d and 2314?
26
Let g(w) = -5*w**2 + w + 9. Let d be g(-3). Let k(f) = 3*f - 16. Let c be k(19). Let a = c + d. What is the greatest common divisor of a and 2?
2
Suppose -186*b + 4352 + 6551 = -5279. What is the greatest common divisor of b and 2929?
29
Let c be ((-748)/(-51))/(1/60). What is the greatest common divisor of 1540 and c?
220
Suppose 0 = -5*z - 30, 0 = 5*f - 7*f - 4*z + 3614. Calculate the highest common factor of 17 and f.
17
Let g(a) = -7*a**2 + 16*a - 1. Let i be g(5). Let z be ((-6656)/i)/(2/3). What is the highest common factor of z and 130?
26
Let r be 3/(-6) + ((-34)/(-4) - 3). Suppose -2*i + t = -4*t - 82, r*i - 2*t - 247 = 0. Calculate the highest common factor of 3 and i.
3
Let h(y) = 11*y**2 + 3*y. Let x be ((-325)/(-375) - 2/(-15)) + 1. Let p be h(x). What is the highest common divisor of 10 and p?
10
Suppose -4*z - 2*r = -2162, -2696 = -6*z + z + 4*r. Calculate the highest common divisor of z and 1140.
60
Suppose 675*m = 715*m - 760. Suppose -v + 4*v = 2*r + 17, -11 = -5*v - r. What is the greatest common divisor of v and m?
1
Let c = 11592 + -11585. Calculate the greatest common factor of c and 55.
1
Let s be (-16 + 1984/112)/(-3 - (-43)/14). What 